= -j - 1 - 0. Let z(x) be the first derivative of 1/2*x**2 - 514 - 8/3*x**3 + x. Calculate z(j).
-8
Let z(b) = b**3 - 5*b**2 - b - 6. Suppose -14*x = 4*x - 18. Let p be (5/x)/((-1)/(-1)). Suppose 0 = 25*y - 24*y - p. Calculate z(y).
-11
Suppose -6 = 5*n - 2*z, -3*z + 9 = 2*n - 0. Suppose 4*a - 4 = -0. Let u(j) = -6 - j**2 + 8 + a. What is u(n)?
3
Let g be (6 - ((-432)/(-12))/12)/((-6)/4). Let q(l) = 20*l + 10. Determine q(g).
-30
Let h(i) = -i**2 + 1. Let j be h(6). Let n be (1 + -16)*((-98)/j)/7. Let z(u) = -u**2 - 6*u + 7. Calculate z(n).
7
Let o = -1327 + 1333. Suppose -s + 2*m = 2, -4*m = -0*m - 8. Let j(w) = 2 - 2*w**2 - 3*w + 3*w**s - 5*w. What is j(o)?
-10
Suppose -4*g - 183 = -171. Let f(b) be the second derivative of b**5/10 - b**3/3 + b**2 + b. What is f(g)?
-46
Let f(h) = 4*h + 9. Let y be (5 + -9)*(4 - -16)/40. Calculate f(y).
1
Suppose -4*s + 5*k + 15 = 2*k, 0 = 5*k - 15. Let o(q) = 9*q + 7*q + 13*q - 27*q + 0 - 2. Determine o(s).
10
Let f = -132 - -132. Let q(d) = 15*d**2 - 2*d + f + 1 - d**3 - d**2 - 9*d**2. What is q(5)?
-9
Let o(x) = -2 + 2614*x - 655*x - 660*x - 649*x - 654*x. Let v(n) = n + 2. Let b be v(-6). Calculate o(b).
14
Let q(u) be the second derivative of 11*u**5/120 - u**4/4 - 67*u**3/6 + 207*u. Let a(n) be the second derivative of q(n). Give a(4).
38
Let z(i) = 5*i**3 - 10*i**2 + 4*i - 1. Let t(a) = -17*a**3 + 30*a**2 - 10*a + 2. Let f(l) = -2*t(l) - 7*z(l). Suppose 103*w + 54 = 109*w. Determine f(w).
12
Let v(b) = 2*b**2 + 3*b - 1. Let m = 16 - 13. Suppose 3 = -p + q + q, m*p + 9 = 4*q. Determine v(p).
8
Suppose 3*y + 3*q = 2*q + 16, -3*q = 4*y - 28. Let f(j) = y*j**2 - 20*j + 10*j + 7*j - 3*j**2. Determine f(4).
4
Let b be ((-9)/(-2))/((-132)/(-154)*(-56)/(-32)). Let m(w) be the second derivative of -1/12*w**4 - 1/2*w**2 + 0 + 3*w - 1/6*w**3 + 1/20*w**5. Give m(b).
14
Suppose -5*x - 4*y - 107 = -4*x, 89 = -x + 5*y. Let a = 160 + x. Suppose -a = -o - 50. Let b(m) = m**3 - 11*m**2 - 2. What is b(o)?
-2
Let b(h) = h**3 + 8*h**2 + 2*h + 6. Suppose -10471*j - 63 = -10462*j. Determine b(j).
41
Let b(u) be the second derivative of -u**5/20 + 11*u**4/12 + 5*u**3/2 - 25*u**2/2 + u - 3. Suppose 0 = -2*x + 47 - 23. Calculate b(x).
11
Let j(c) = 3*c**2 + 1. Let v(g) = -8*g - 6. Let w be v(-4). Let b = w - 30. Let t be (b - -9)*(-4)/20. Give j(t).
4
Let q(j) = -2*j**2 + 69*j - 405. Let f be q(27). Let z(a) be the third derivative of f - 1/12*a**4 + 0*a + 7*a**2 + 1/6*a**3. What is z(-4)?
9
Let y(d) be the first derivative of -d**4/4 - 8*d**3/3 - 4*d**2 - 4*d + 70028. Suppose 2*a = 5*a + 18. Determine y(a).
-28
Suppose -2*v + 4 = -2. Suppose 5*p - 28 = -v. Let s(r) = -20*r - 8. Let o(h) = 9*h + 4. Let y(c) = 9*o(c) + 4*s(c). Calculate y(p).
9
Let z be ((-9)/27)/(1/285). Let d = z + 99. Let n be d*(-1)/(-5 + 6). Let v(t) = -2*t - 5. Give v(n).
3
Let q(l) = -19 - 40 + 23*l**2 + 85 - l**3 - 23*l. Let f be q(22). Let g(b) = -f*b**2 + 8*b**2 + 8 + 2*b**2 - b**3. Determine g(6).
8
Let s(q) = -q. Let f(h) = -4*h**2 - 3*h - 4. Let y be f(-1). Let l be (-912)/240 - 4/y. Give s(l).
3
Suppose 68 - 14 = 9*y. Let z = 5 - 3. Let r(l) = -9*l + z*l + 3*l**2 - 2*l**2. Give r(y).
-6
Let n(u) = -3*u**2 - 8*u - 3. Let g be ((-423)/(-329))/((-6)/28). What is n(g)?
-63
Let z be ((-4)/9)/(14/(756/222) - (-4 + 8)). Let x(g) be the third derivative of g**6/120 + g**5/10 + g**4/4 + g**3/2 + g**2. Determine x(z).
11
Suppose 14*z = 8*z + 60. Let a(i) = -z + 23*i + 20 - 8*i - 12. Calculate a(-2).
-32
Suppose 2*s - 4*z - 642 = 0, -5*s + 1578 = z - 2*z. Let j(n) = -313 + s + n - 6*n**2 - n**3 + 2*n**2. What is j(-3)?
-10
Let s be (3/((-18)/(-16)))/(8/12). Let h(j) be the third derivative of j**4/6 + j**2 + 88*j. Calculate h(s).
16
Let p(r) be the second derivative of 3*r**4 + r**3/3 + 2*r**2 + 1870*r - 2. Calculate p(-1).
38
Suppose -4*t = 4*a - 2*a - 36, 0 = -3*t + 4*a + 49. Let x(f) = -6 + 41*f - 29*f - t*f. Determine x(6).
0
Let w(r) = 13*r - 7393*r**2 - r**3 + 3706*r**2 + 15 + 3697*r**2. What is w(11)?
37
Let k(q) = -8*q**2 + 1. Let x be 0 - 0 - -2*44/8. Suppose 0 = x*a - 10*a - 1. What is k(a)?
-7
Suppose 26*c = 136*c + 864 - 1964. Let i(f) = 4*f - 11. Calculate i(c).
29
Let b(y) be the third derivative of -y**5/60 + 5*y**4/12 + 121*y**3/6 - 9765*y**2. What is b(-7)?
2
Let i(b) = 3*b - 3. Let w be (-25)/(-2)*4/20*86. Let y = 212 - w. Calculate i(y).
-12
Suppose -22*u - 18 = -28*u. Let g(v) = -6*v + 8*v - v**2 - u - 4*v + 2. Calculate g(-1).
0
Let y be 10/15*2*3. Let p(k) = 3*k**2 + 3*k + 36. Let c(r) = 7*r**2 + 6*r + 73. Let u(n) = y*c(n) - 9*p(n). Let q(d) be the first derivative of u(d). Give q(3).
3
Let f(b) = 25*b + 142. Let n(z) = -3*z**3 - 26*z**2 - 15*z + 2. Let c be n(-8). What is f(c)?
-8
Let s = -11 - -21. Suppose -2*l + s = -7*l. Let a(c) = -210*c - 2. Let t(u) = 1157*u + 12. Let j(w) = -11*a(w) - 2*t(w). What is j(l)?
6
Let b(r) = 66*r - 8. Let s(u) = 760*u - 90. Let y(q) = 23*b(q) - 2*s(q). Suppose -9*w + 5*w = 16. Give y(w).
4
Let d(q) = -1743*q + 869*q + 868*q. Let h(o) be the second derivative of o**3/3 - 17*o**2/2 + 2*o. Let a be h(8). Calculate d(a).
6
Let w(q) = 3*q + 11. Let k be w(-4). Let b(c) = -c + 1. Let i(d) be the second derivative of -d**3/2 + 5*d**2 - 19*d. Let p(h) = k*i(h) + 2*b(h). Give p(0).
-8
Let k(t) = 6*t**2 - 43*t - 73. Let p(q) = -q**2 + 8*q + 12. Let h(u) = 2*k(u) + 11*p(u). Calculate h(3).
1
Let a(u) = u**3 - 22*u**2 - u + 32. Let d(q) = 3*q**2 - 150*q + 814. Let r be d(6). Determine a(r).
10
Let r be ((-46)/12 - (-1)/(-6)) + (5 - -2). Let u(n) be the first derivative of -1/3*n**r + 4*n - 3/2*n**2 + 28. Determine u(-5).
-6
Let v be (-61 - (13 + -6))/((-4)/(-2)). Let u(j) = -j + 10. Give u(v).
44
Let p(n) = n**3 - 4*n**2 - 8*n + 11. Let v be p(6). Let y(m) = 28 - v + 3*m + 7*m - 11*m. Give y(-12).
5
Let m(t) be the first derivative of 7*t**4/24 - t**3/3 - t**2 - 23*t + 55. Let h(w) be the second derivative of m(w). What is h(3)?
19
Let a be -3 + 0 - -1*9. Let f(s) = -11*s + 7*s + 0 + a + 5*s. Suppose 2*j - 2*l = -20, -2*j - 5*l = -0*j + 6. Give f(j).
-2
Suppose -40*d - 4*d + 206 = 30. Let n(m) be the third derivative of 0*m + 1/60*m**5 + 14*m**2 - 1/24*m**d + 0 - 1/6*m**3. Determine n(4).
11
Let a(p) = -9*p**2 + 638*p + 77. Let t be a(71). Let b(g) = 5 + 2*g + 3*g - 4*g - 3*g. Determine b(t).
-7
Let t = -21 - -30. Let y(n) = 0*n + 5 - t + n**2 + 5*n. Give y(4).
32
Let w(r) = 0*r**2 - 1 + r**2 - 16. Suppose -4*j + 203 + 497 = -4*u, u - 167 = -j. Let s = j - 171. Determine w(s).
-17
Let y(g) = g - 3. Let u be 2*((-10)/(-4) + 0). Suppose p + 49 = -0*p - u*n, -4*p - 112 = -n. Let v = p + 33. Calculate y(v).
1
Let f = 2165 + -2162. Let w(y) be the second derivative of -14*y + 2/3*y**f + y**2 + 0 + 1/12*y**4. Determine w(-5).
7
Suppose -54*n + 6 = -48*n. Let b(q) = n + 564*q - 1129*q + 566*q. Determine b(-4).
-3
Let u(l) = 26*l**3 - 11*l**2 - 3*l - 4. Let s(w) = -23*w**3 + 9*w**2 + 2*w + 4. Let o(z) = 9*s(z) + 8*u(z). Give o(4).
-68
Let a(k) = -14*k + 8. Let s(p) = -100*p + 65. Let g(d) = -15*a(d) + 2*s(d). Determine g(-2).
-10
Let m = -355 - -249. Let s be 1*2 + (m - (10 + -2)). Let h = s + 118. Let l(q) = q**2 - 6*q + 2. Give l(h).
2
Suppose 0 = -232*r + 779*r + 547. Let v(h) = 9*h**2 - 6*h - 6. Determine v(r).
9
Let o(b) be the first derivative of 6 + 1/4*b**4 + 3*b**3 + 0*b**2 - 11*b. Calculate o(-9).
-11
Let m = -115 - -117. Let n be ((-10)/(-7) - m)*-7. Suppose n = -54*g + 53*g. Let t(y) = 2*y + 3. Calculate t(g).
-5
Suppose 48*b = 27*b + 378. Let l(y) = y - 14*y**2 + b*y**2 - 2*y**2 + y**2 - 4*y**2. What is l(2)?
-2
Suppose -7*j - 155 = -204. Let n(a) = -166*a**2 + 76*a**2 + j*a + 84*a**2 - a**3. Calculate n(-7).
0
Let x = -19 + 23. Suppose -2*u + 20 = x*q, 0*u - 2*u + 2*q - 4 = 0. Let i(o) = -o**u - 3 + 2 + 136*o - 141*o. Calculate i(-4).
3
Let v(c) = 3*c**2 - 6*c + 2*c - 2*c**2 + 0*c - 9. Let y be v(5). Let d(r) = r**3 + 3*r**2 - 6*r - 6. Determine d(y).
2
Let m(b) = b**3 + 17*b**2 + 16*b + 39. Let z = 16485 - 16501. Determine m(z).
39
Let c(p) be the first derivative of 0*p + 4*p**2 + 1/24*p**4 + 0*p**3 - 1/60*p**5 - 12. Let j(l) be the second derivative of c(l). Determine j(-1).
-2
Suppose -2 = 2*p, 2*p = 3*t - 13 - 1. Let j(l) = 6*l**3 - l**3 - t*l**3 + l**2 - 3 + 0*l**3 - 3*l. Suppose -5*n = 9 + 1. W